 highest common divisor of u and 13?
13
Suppose 0 = 4*i - 7*p + 5*p - 38, -5*i + 2*p = -50. Let d = 7 + 11. What is the greatest common divisor of i and d?
6
Suppose -4*s + 12 = -3*t + 205, 2*s = -2*t + 124. Calculate the greatest common divisor of t and 7.
7
Suppose -i - 2*o + 0*o + 37 = 0, -3*i + 2*o + 95 = 0. Suppose -37 = -3*k - 7. Let c be (3/(-5))/((-2)/k). What is the greatest common factor of i and c?
3
Suppose 2 - 68 = -11*x. What is the highest common divisor of 6 and x?
6
Suppose -a = -2, 0 = -5*b - a + 6*a - 120. Let j be (-2)/(-11) - (3 - (-1052)/b). Calculate the highest common factor of j and 15.
15
Suppose 4*n + g - 3 - 13 = 0, -g + 21 = 5*n. Suppose 5*a - 4*v - 3 = 109, -a - v = -17. Calculate the greatest common divisor of a and n.
5
Let n = 3 - 4. Let h = -1039 + 1034. Let a be 153/15 - n/h. Calculate the greatest common divisor of 20 and a.
10
Suppose 0 = 58*v - 7863 - 15917. What is the highest common divisor of 30 and v?
10
Let d(b) = -8*b - 40. Let r(a) = a**3 - 7*a**2 + 6*a + 7. Let p be r(4). Let t be d(p). Calculate the highest common divisor of t and 12.
12
Suppose -4*i + 5*q = -6100, -4*i - 3*q = -4*q - 6100. Calculate the highest common divisor of i and 25.
25
Suppose 3*f = -3*s + 24, 3*s - 5*f = -14 - 2. Suppose s*x - 5*r + r = 70, x - 2*r = 20. What is the greatest common divisor of 90 and x?
30
Let p be ((-6)/(-45)*-6)/(6/(-1005)). What is the greatest common divisor of p and 335?
67
Let z(l) = -8*l**3 - 3*l**2 - 5*l - 1. Let g(y) = -y**3 + y**2 + y. Let n(i) = 3*g(i) + z(i). Let q be n(-1). What is the highest common factor of 12 and q?
12
Suppose -15*g - 156 + 636 = 0. What is the highest common factor of g and 496?
16
Let l be 42/8 + (-145)/580. What is the highest common factor of 245 and l?
5
Suppose -3*a - 2*a + 25 = 0. Let s(m) = m**3 + 8*m**2 + 6. Let g be s(-6). Suppose -2 - g = -a*j. Calculate the highest common divisor of 4 and j.
4
Suppose 0 = -2*u - 7 + 3, -5*b - u = -1438. Calculate the greatest common factor of b and 18.
18
Let q be -1 - 1 - -2 - -3. Let d be (2/q)/(8/396). Suppose -3*t + 9 = -0. What is the greatest common factor of d and t?
3
Let c be -10 - (-121)/12 - (-1391)/12. Calculate the highest common factor of 783 and c.
29
Suppose -2*z = -3*y + 95, -4*z + 2*z = 5*y - 185. What is the greatest common factor of y and 665?
35
Let w(b) = 29*b**3 + 4*b**2 - 4*b + 1. Let f be w(1). Calculate the highest common divisor of f and 54.
6
Let d be (-148)/(-10) + (-108)/135. Calculate the highest common divisor of 616 and d.
14
Suppose 8*v + 13 = 2*z + 5*v, -5*z - 4*v = -44. Suppose -5*c - 2*d = -3*c - z, -d - 11 = -4*c. What is the greatest common factor of c and 12?
3
Suppose 2*l + 2*n = 4*l - 178, -3*l = n - 263. What is the greatest common divisor of 104 and l?
8
Suppose 0 = c - 44 - 16. What is the greatest common divisor of 100 and c?
20
Suppose l = -2*d + 15, -10*l = -3*d - 15*l + 12. Calculate the highest common factor of 225 and d.
9
Let v = -76 - 22. Let s = v - -113. Calculate the highest common factor of s and 240.
15
Let q(n) = -52*n - 31. Let o be q(-7). What is the highest common divisor of 74 and o?
37
Let l be (-2)/11 - (-354)/11. Let n(t) = 2*t**2 - 19*t + 32. Let v be n(8). What is the highest common factor of l and v?
8
Suppose 0 = -3*o - 28 - 38. Let l be (-10 - 1)*(o - -9). Suppose 0 = -2*g + g + 13. Calculate the greatest common divisor of l and g.
13
Let y(w) = 37*w + 8. Let r be y(1). Let i = 381 + -21. What is the greatest common factor of i and r?
45
Suppose -5*h - 5*r = -245, -6 = -2*h - 3*r + 91. What is the highest common factor of h and 1250?
50
Let u be ((-39)/(-78))/(((-3)/34)/(-3)). What is the highest common factor of u and 2?
1
Suppose -b = -k + 607, -3*k - 3*b = -878 - 931. What is the highest common factor of 5 and k?
5
Let g(x) = -x**3 - 6*x**2 - 2*x + 2. Let m be g(-6). Let n = m - -38. Calculate the highest common divisor of n and 13.
13
Let v be 4 - -2*(-3)/(-6). What is the highest common factor of 135 and v?
5
Let u(k) = 7*k - 3*k + 22 + k - k**2. Let m be u(0). What is the greatest common divisor of 110 and m?
22
Suppose -45*s - 90 = -40*s. Let l be 12/s - 1624/(-6). Calculate the greatest common divisor of 30 and l.
30
Let a(u) = -2*u**2 - 3*u - 5. Let m be a(-2). Let j = 1 - m. Suppose 0 = 2*o - j - 20. Calculate the highest common factor of o and 84.
14
Let d(m) = -2*m + 13. Let k be d(-10). Let q = 123 + -79. Calculate the greatest common factor of q and k.
11
Suppose 2*u = -5*f, -36 - 4 = -2*u + 5*f. What is the highest common divisor of u and 52?
2
Let m = -213 + 410. Suppose 3*f - f - m = -3*c, 3*f = -3*c + 201. What is the highest common factor of c and 9?
9
Let r be (1 - 14/10)*25/(-5). Suppose 2*o - 1 = -3*m - r, 4*o = -3*m - 11. Calculate the highest common divisor of m and 30.
3
Suppose -2*u = -3*c - 193, 7*u - 2*c - 406 = 3*u. Calculate the greatest common factor of 8 and u.
8
Suppose 8 = -2*x + a, -4*a = -5*x - 9 - 11. Let i be (x/((-6)/(-3)))/(-2). What is the highest common divisor of 7 and i?
1
Let m = -101 + 205. What is the greatest common factor of 39 and m?
13
Let n be (5 - 1)*(0 + 1). Suppose 4*a - 2*u = -n + 56, 18 = 2*a - 5*u. What is the highest common factor of 98 and a?
14
Suppose 4*t = 5*j - 688, 0 = 2*j - 0*j - 2*t - 274. What is the highest common factor of j and 5?
5
Let o(u) = -94*u. Let q be o(-1). Suppose 3*f = 4*f + q. Let i be 20/(-25) + f/(-5). What is the greatest common divisor of 54 and i?
18
Let x be (-19)/(-4) + 2/8. Let r(a) = -6*a + 5. Let p = 3 + -8. Let o be r(p). Calculate the highest common factor of o and x.
5
Suppose 1 = 3*l + 2*q, 0 = l - 6*l - q - 3. Let c be l + (72 - 0) + -2. Let p = -6616 + 6639. What is the highest common factor of p and c?
23
Suppose 4*i = 2*s + 8, i - 36 = -5*s - 3*i. Suppose g - 11 = -2*k, 50 = s*k + k - 2*g. Let z = 2 + k. Calculate the highest common divisor of 80 and z.
10
Let z be -3 - (-30)/6 - -1. Let n be 20 + (-2 - (z + -8)). What is the greatest common divisor of 184 and n?
23
Suppose 0 = 5*l - 30 - 20. Let a = 129 - 104. What is the greatest common factor of l and a?
5
Suppose -5*x + u = -79, -44*x + 43*x + 4*u = -12. Calculate the highest common divisor of x and 2416.
16
Let o be (-124)/(-7) + 2 + (-4)/(-14). What is the highest common divisor of 500 and o?
20
Let l be 91 + (48/36)/(2/(-6)). Calculate the highest common divisor of l and 3.
3
Let a(h) = -10*h - 14. Let d be a(-5). Let j = -16 - -40. What is the greatest common divisor of j and d?
12
Suppose 2*a + 4*c - 120 = -3*a, 15 = 2*a - 5*c. Let x(i) = 3*i**2 + 76*i + 488. Let m be x(-6). What is the greatest common factor of m and a?
20
Let i(h) = -4*h + 47. Let t be i(10). Suppose x + t*x = 952. Calculate the greatest common factor of 7 and x.
7
Let c be (-6)/2*11/3 + 3. Let y be (-2)/8 + 4 + (-98)/c. Calculate the highest common factor of 160 and y.
16
Let i = -12 - 34. Let w = i - -59. What is the greatest common factor of w and 13?
13
Suppose 40*b = 269 + 3291. Calculate the greatest common factor of 801 and b.
89
Suppose -2*z = -z - 2, -2*z - 248 = 4*q. Let n be 2/(-4) + q/(-18). What is the greatest common divisor of 27 and n?
3
Suppose 758 - 86 = a. Calculate the greatest common factor of a and 14.
14
Let i(b) = -b**2 + 4*b - 5. Let y be i(3). Let r(n) = -2*n - 1. Let d be r(y). Calculate the highest common divisor of d and 12.
3
Let q = -171 + 177. Calculate the highest common divisor of q and 42.
6
Let w = -120 - -204. Suppose 3*n = 48 + w. Calculate the highest common divisor of 396 and n.
44
Let p be (-2)/14 - 492/(-14). Suppose -s - 3*a + p = 0, -a + 25 = 4*s - 3*s. Let r = -27 + 32. Calculate the highest common divisor of r and s.
5
Let f be (6/(-4))/(21/(-28)). Suppose -f*u - u - 2*t + 66 = 0, -4*t = 12. What is the highest common divisor of 16 and u?
8
Let k(g) = -g**3 - 27*g**2 - 25*g + 40. Let v be k(-26). Let j(q) = -2*q + 4*q + 2*q. Let b be j(v). What is the highest common divisor of b and 8?
8
Suppose 0*n - 42*n + 840 = 0. What is the greatest common divisor of 100 and n?
20
Let m be 15/(-9)*-3 - -3. Suppose m*f + 112 = 12*f. Calculate the greatest common factor of 14 and f.
14
Let k(c) = -c**2 + 12*c + 12. Let s be k(12). Let g = 165 + -135. What is the highest common factor of s and g?
